5849 a prime number?
True
Is 75155 a prime number?
False
Is 146713 composite?
True
Is 10661 a prime number?
False
Is 623 composite?
True
Is 167897 a composite number?
True
Is 1283333 composite?
False
Is 2195 prime?
False
Is 2458 a composite number?
True
Is 666247 prime?
False
Is 198221 a composite number?
False
Is 1068933 prime?
False
Is 188491 prime?
True
Is 3419 prime?
False
Is 233591 a prime number?
True
Is 8407 a composite number?
True
Is 719 a composite number?
False
Is 541 prime?
True
Is 2999 a prime number?
True
Is 32749 composite?
False
Is 1361 a prime number?
True
Is 162343 prime?
True
Is 174509 a prime number?
False
Is 28115 a prime number?
False
Is 52501 a prime number?
True
Is 290545 composite?
True
Is 29263 a composite number?
True
Is 611183 composite?
True
Is 3259 a prime number?
True
Is 172243 a prime number?
True
Is 51853 composite?
False
Is 12391 a prime number?
True
Is 54647 a composite number?
False
Is 156929 composite?
True
Is 6623 a prime number?
False
Is 393089 a prime number?
False
Is 75305 composite?
True
Is 2942 a composite number?
True
Is 61615 prime?
False
Is 11777 a composite number?
False
Is 93307 a composite number?
False
Is 6563 prime?
True
Is 5209 a composite number?
False
Is 15809 prime?
True
Is 590431 prime?
True
Is 618269 a composite number?
False
Is 56447 a prime number?
False
Is 251 a composite number?
False
Is 722737 prime?
True
Is 448129 composite?
True
Is 22853 a prime number?
True
Is 19821 composite?
True
Is 193013 composite?
False
Is 18947 prime?
True
Is 11131 a composite number?
False
Is 569539 a prime number?
False
Is 1838855 prime?
False
Is 3163 a composite number?
False
Is 292903 prime?
False
Is 6521 prime?
True
Is 6299 prime?
True
Is 15727 prime?
True
Is 53857 a prime number?
True
Is 4088743 a composite number?
True
Is 87689 a prime number?
False
Is 422605 composite?
True
Is 18859 prime?
True
Is 337021 prime?
True
Is 63197 prime?
True
Is 225871 a composite number?
False
Is 29747 prime?
False
Is 242221 prime?
False
Is 3065 a prime number?
False
Is 125591 a prime number?
True
Is 43135 prime?
False
Is 22937 prime?
True
Is 3084355 composite?
True
Is 126695 prime?
False
Is 1426937 composite?
True
Is 264029 a prime number?
True
Is 821081 a prime number?
True
Is 174487 a prime number?
True
Is 115547 prime?
True
Is 126913 prime?
True
Is 541 a prime number?
True
Is 184733 a composite number?
False
Is 26219 composite?
True
Is 142249 a composite number?
True
Is 941053 a prime number?
False
Is 492146 composite?
True
Is 7283 a composite number?
False
Is 649 composite?
True
Is 79 composite?
False
Is 9935 a prime number?
False
Is 251071 a composite number?
False
Is 19571 a composite number?
False
Is 4999 prime?
True
Is 2414399 prime?
False
Is 120299 a prime number?
True
Is 5897 prime?
True
Is 11015 composite?
True
Is 44015 a prime number?
False
Is 31043 prime?
False
Is 6607 prime?
True
Is 365969 prime?
True
Is 12077 a prime number?
False
Is 784447 a prime number?
True
Is 322051 prime?
True
Is 107857 composite?
False
Is 704549 a composite number?
False
Is 16729 a composite number?
False
Is 677251 a prime number?
False
Is 251726 prime?
False
Is 156413 a composite number?
True
Is 23857 composite?
False
Is 42629 a composite number?
True
Is 93601 a composite number?
False
Is 699 a prime number?
False
Is 1025029 a composite number?
False
Is 13577 composite?
False
Is 34507 composite?
True
Is 829142 a composite number?
True
Is 178 a composite number?
True
Is 14923 a composite number?
False
Is 9598 prime?
False
Is 5426 composite?
True
Is 2015359 a prime number?
True
Is 1003649 a composite number?
True
Is 1481757 a composite number?
True
Is 34 a composite number?
True
Is 1680145 a composite number?
True
Is 12037 a prime number?
True
Is 171427 a prime number?
True
Is 5469 prime?
False
Is 105643 composite?
True
Is 228491 a composite number?
True
Is 45259 prime?
True
Is 245849 a composite number?
False
Is 42899 prime?
True
Is 58651 a composite number?
True
Is 127637 a composite number?
False
Is 45613 a prime number?
True
Is 17159 a composite number?
False
Is 52295 a prime number?
False
Is 7069 prime?
True
Is 631 composite?
False
Is 1266191 a prime number?
True
Is 7067 composite?
True
Is 4963 prime?
False
Is 504961 a prime number?
False
Is 61133 a prime number?
False
Is 37673 prime?
False
Is 4238285 a prime number?
False
Is 5218 prime?
False
Is 11863 a composite number?
False
Is 173659 prime?
True
Is 287855 composite?
True
Is 2927 a composite number?
False
Is 4442 a prime number?
False
Is 141443 prime?
True
Is 17049 a prime number?
False
Is 6119 prime?
False
Is 69427 a composite number?
False
Is 2489 a prime number?
False
Is 63799 a prime number?
True
Is 168193 composite?
False
Is 1314939 prime?
False
Is 1709 composite?
False
Is 289937 a prime number?
True
Is 56369 composite?
False
Is 548945 a prime number?
False
Is 4629 a composite number?
True
Is 584759 a composite number?
True
Is 97499 composite?
False
Is 1689977 prime?
False
Is 260989 composite?
True
Is 712505 a prime number?
False
Is 51839 a prime number?
True
Is 78161 prime?
False
Is 18111 composite?
True
Is 194141 composite?
False
Is 90893 prime?
False
Is 30293 prime?
True
Is 44477 a prime number?
False
Is 130091 composite?
True
Is 54371 a composite number?
False
Is 40871 composite?
True
Is 756097 a prime number?
True
Is 3587 composite?
True
Is 2019 composite?
True
Is 262069 a composite number?
False
Is 245849 a composite number?
False
Is 13343 composite?
True
Is 60307 prime?
False
Is 13057 a prime number?
False
Is 600261 a composite number?
True
Is 64373 composite?
False
Is 5531 prime?
True
Is 76117 composite?
True
Is 11065 composite?
True
Is 1244873 composite?
True
Is 374627 a prime number?
False
Is 359626 a composite number?
True
Is 13253 a composite number?
True
Is 10301 composite?
False
Is 950641 a prime number?
False
Is 446815 prime?
False
Is 92891 composite?
True
Is 56351 composite?
True
Is 877109 prime?
True
Is 44171 prime?
True
Is 1151 a composite number?
False
Is 59315 a composite number?
True
Is 182561 a prime number?
True
Is 9722 prime?
False
Is 1151 composite?
False
Is 8609 a prime number?
True
Is 5087 a prime number?
True
Is 2818469 composite?
False
Is 21137 composite?
True
Is 157555 a composite number?
True
Is 259269 prime?
False
Is 15217 a prime number?
True
Is 87146 prime?
False
Is 2159 a prime number?
False
Is 189127 composite?
False
Is 1964751 a prime number?
False
Is 23809 a composite number?
True
Is 2135329 a prime number?
False
Is 39293 prime?
True
Is 17833 a prime number?
False
Is 157997 composite?
True
Is 598963 a composite number?
False
Is 168433 prime?
True
Is 103699 prime?
True
Is 8059 prime?
True
Is 116251 composite?
True
Is 2579 a prime number?
True
Is 38507 composite?
True
Is 1684907 prime?
False
Is 1907 a prime number?
True
Is 3226 composite?
True
Is 52711 prime?
True
Is 1655 composite?
True
Is 69953 prime?
False
Is 154015 a prime number?
False
Is 44305 a composite number?
True
Is 50146 a prime number?
False
Is 5251 a composite number?
True
Is 3109 a composite number?
False
Is 14435 composite?
True
Is 24194 composite?
True
Is 11851 a prime number?
False
Is 312509 composite?
False
Is 4829 composite?
True
Is 947 composite?
False
Is 22189 composite?
False
Is 1049777 composite?
True
Is 6502 composite?
True
Is 2559 a prime number?
False
Is 4111 a composite number?
False
Is 382103 prime?
True
Is 22891 a prime number?
False
Is 2053 prime?
True
Is 67729 prime?
False
Is 204101 prime?
True
Is 445 a composite number?
True
Is 107651 a composite number?
True
Is 5878 a composite number?
True
Is 3109 a prime number?
True
Is 7699 a prime number?
True
Is 22519 a composite number?
True
Is 18295 a prime number?
False
Is 29343 prime?
False
Is 24027 composite?
True
Is 660043 composite?
True
Is 133319 a composite number?
False
Is 17401 a prime number?
True
Is 388211 a prime number?
True
Is 257 a prime number?
True
Is 26539 a prime number?
True
Is 50233 a composite number?
True
Is 17429 a composite number?
True
Is 4009 composite?
True
Is 127793 prime?
False
Is 707533 composite?
True
Is 132491 prime?
True
Is 3943 a prime number?
True
Is 833647 a composite number?
True
Is 1526897 a prime number?
False
Is 2654 composite?
True
Is 18787 composite?
False
Is 5914